30871
What are the prime factors of 632135389?
43, 1973, 7451
List the prime factors of 51915376.
2, 3244711
What are the prime factors of 43881841?
149, 294509
What are the prime factors of 709650631?
709650631
What are the prime factors of 229464115?
5, 45892823
What are the prime factors of 507697055?
5, 23, 29, 41, 47, 79
What are the prime factors of 1421977606?
2, 7, 101569829
What are the prime factors of 60669852?
2, 3, 31, 5261
What are the prime factors of 18458516?
2, 31, 148859
What are the prime factors of 108048716?
2, 27012179
List the prime factors of 6037513.
6037513
List the prime factors of 191627933.
7, 27375419
What are the prime factors of 64693674?
2, 3, 439, 2729
List the prime factors of 9749332.
2, 23, 105971
List the prime factors of 18680940.
2, 3, 5, 67, 1549
What are the prime factors of 63283954?
2, 971, 32587
What are the prime factors of 26908642?
2, 983, 13687
What are the prime factors of 131275548?
2, 3, 383, 9521
List the prime factors of 951132075.
3, 5, 443, 28627
What are the prime factors of 558956401?
73, 89, 227, 379
What are the prime factors of 181497493?
53, 3424481
What are the prime factors of 31862248?
2, 11, 41, 8831
List the prime factors of 260944423.
19, 47, 103, 2837
List the prime factors of 407159482.
2, 101, 1361, 1481
What are the prime factors of 2010652058?
2, 1005326029
What are the prime factors of 82935521?
433, 191537
List the prime factors of 1020128185.
5, 47, 79, 54949
List the prime factors of 1165561201.
7, 166508743
List the prime factors of 38120743.
467, 81629
List the prime factors of 232313327.
2897, 80191
What are the prime factors of 132556533?
3, 37, 1194203
What are the prime factors of 61636534?
2, 997, 30911
List the prime factors of 56748117.
3, 19, 61, 859
List the prime factors of 152937348.
2, 3, 3559, 3581
What are the prime factors of 42396881?
42396881
List the prime factors of 56246565.
3, 5, 3749771
What are the prime factors of 1190965435?
5, 11, 37, 73, 8017
What are the prime factors of 34489404?
2, 3, 958039
What are the prime factors of 1037896194?
2, 3, 1747, 99017
List the prime factors of 322498730.
2, 5, 211, 152843
What are the prime factors of 5533565321?
4493, 1231597
What are the prime factors of 55424192?
2, 866003
List the prime factors of 352732771.
29, 1259, 9661
List the prime factors of 50288648.
2, 6286081
List the prime factors of 20534195.
5, 11, 373349
What are the prime factors of 73299328?
2, 572651
List the prime factors of 598939294.
2, 299469647
List the prime factors of 1346870.
2, 5, 7, 71, 271
What are the prime factors of 40539269?
40539269
What are the prime factors of 5613041530?
2, 5, 561304153
List the prime factors of 84250846.
2, 43, 239, 4099
List the prime factors of 2635946354.
2, 43, 1867, 16417
List the prime factors of 1007525398.
2, 11, 45796609
What are the prime factors of 2307575106?
2, 3, 331, 387307
List the prime factors of 76730690.
2, 5, 17, 173, 2609
List the prime factors of 1608978819.
3, 7, 1193, 64223
What are the prime factors of 828547900?
2, 5, 1259, 6581
What are the prime factors of 1518065268?
2, 3, 19, 6658181
List the prime factors of 2251729186.
2, 7, 17, 29, 107, 3049
List the prime factors of 113412683.
41, 2766163
List the prime factors of 5248819841.
5248819841
List the prime factors of 8152685.
5, 1021, 1597
List the prime factors of 30956867.
30956867
List the prime factors of 34556604.
2, 3, 41, 70237
What are the prime factors of 7669353?
3, 2556451
List the prime factors of 87055761.
3, 13, 2232199
What are the prime factors of 193690295?
5, 263, 147293
What are the prime factors of 56353110?
2, 3, 5, 11, 170767
List the prime factors of 1312711723.
1312711723
What are the prime factors of 939434793?
3, 11, 23, 1237727
List the prime factors of 414800233.
101, 1831, 2243
What are the prime factors of 73543842?
2, 3, 31, 43933
List the prime factors of 3474624894.
2, 3, 13, 31, 313, 4591
List the prime factors of 8197641448.
2, 1024705181
List the prime factors of 617237144.
2, 2333, 33071
What are the prime factors of 740814108?
2, 3, 61734509
What are the prime factors of 119866558?
2, 7, 17, 113, 4457
List the prime factors of 493921824.
2, 3, 11, 467729
List the prime factors of 35278280.
2, 5, 487, 1811
What are the prime factors of 259886152?
2, 43, 755483
What are the prime factors of 930927124?
2, 43, 191, 659
List the prime factors of 66462820.
2, 5, 3323141
What are the prime factors of 105183660?
2, 3, 5, 71, 24691
List the prime factors of 3632467871.
43, 149, 311, 1823
What are the prime factors of 112438067?
7, 19, 61, 13859
List the prime factors of 1141590385.
5, 13, 17562929
What are the prime factors of 994669?
13, 19, 4027
What are the prime factors of 22476741?
3, 7, 107, 1429
What are the prime factors of 304379172?
2, 3, 1451, 5827
What are the prime factors of 46731930?
2, 3, 5, 7, 222533
List the prime factors of 106831276.
2, 421, 63439
What are the prime factors of 556816731?
3, 185605577
List the prime factors of 912426579.
3, 197, 171541
What are the prime factors of 10172297?
1759, 5783
What are the prime factors of 126806743?
7, 3719, 4871
List the prime factors of 114387012.
2, 3, 647, 1637
What are the prime factors of 1087529121?
3, 7, 17262367
What are the prime factors of 363229488?
2, 3, 59, 14251
What are the prime factors of 385255970?
2, 5, 11, 19, 184333
List the prime factors of 33338869.
79, 397, 1063
List the prime factors of 4267077482.
2, 397, 5374153
What are the prime factors of 501087063?
3, 167029021
List the prime factors of 111682077.
3, 13, 53, 71, 761
List the prime factors of 219512063.
283, 775661
List the prime factors of 4351882.
2, 269, 8089
List the prime factors of 202631990.
2, 5, 11, 29, 63521
What are the prime factors of 591448106?
2, 295724053
What are the prime factors of 1056610084?
2, 264152521
List the prime factors of 830915551.
830915551
List the prime factors of 290369142.
2, 3, 7, 101, 22817
What are the prime factors of 35602088?
2, 4450261
What are the prime factors of 125403401?
19, 31, 212909
List the prime factors of 5595467321.
29, 43, 131, 34253
What are the prime factors of 405546328?
2, 11, 487, 9463
What are the prime factors of 395599261?
53, 7464137
What are the prime factors of 156266444?
2, 587, 66553
What are the prime factors of 563186970?
2, 3, 5, 23, 73, 3727
List the prime factors of 242756054.
2, 137, 885971
What are the prime factors of 1041373827?
3, 13, 71, 4643
What are the prime factors of 694536772?
2, 31, 2213, 2531
What are the prime factors of 10800995?
5, 139, 15541
What are the prime factors of 544563348?
2, 3, 7, 61, 106277
What are the prime factors of 616277442?
2, 3, 11, 47, 18061
List the prime factors of 501235173.
3, 55692797
List the prime factors of 59108355.
3, 5, 293, 4483
List the prime factors of 278171623.
278171623
What are the prime factors of 2742659690?
2, 5, 19, 157, 91943
List the prime factors of 3514207736.
2, 13, 73, 101, 4583
List the prime factors of 16754186.
2, 103, 81331
What are the prime factors of 2091048860?
2, 5, 643, 162601
What are the prime factors of 93324488?
2, 11665561
List the prime factors of 316580589.
3, 13, 433, 2083
List the prime factors of 5014975291.
5014975291
List the prime factors of 198823106.
2, 19, 5232187
What are the prime factors of 33549127?
33549127
List the prime factors of 83079783.
3, 31, 99259
List the prime factors of 4425984489.
3, 4733, 311711
List the prime factors of 437436956.
2, 11, 9941749
What are the prime factors of 2853108506?
2, 1426554253
List the prime factors of 8779367.
2887, 3041
What are the prime factors of 167607092?
2, 41901773
What are the prime factors of 137707932?
2, 3, 37, 47, 6599
List the prime factors of 2027590622.
2, 23, 29, 47, 73, 443
What are the prime factors of 4830252436?
2, 43, 131, 214373
List the prime factors of 210224001.
3, 13, 414643
List the prime factors of 368048408.
2, 7, 13, 72223
What are the prime factors of 56798834?
2, 631, 45007
List the prime factors of 20433494.
2, 10216747
List the prime factors of 1072308301.
19, 41, 229, 6011
List the prime factors of 165322948.
2, 7, 5904391
What are the prime factors of 241027896?
2, 3, 73, 137573
List the prime factor